{"id":241,"date":"2019-09-01T20:46:05","date_gmt":"2019-09-01T20:46:05","guid":{"rendered":"http:\/\/www.fuve.cz\/?page_id=241"},"modified":"2019-09-01T20:46:05","modified_gmt":"2019-09-01T20:46:05","slug":"chytra-kancelar","status":"publish","type":"page","link":"https:\/\/wp2.emouse.eu\/?page_id=241","title":{"rendered":"Chytr\u00e1 kancel\u00e1\u0159"},"content":{"rendered":"<p>[vc_row][vc_column][vc_column_text]<\/p>\n<div class=\"mb-3 heading\">\n<h1>Chytr\u00e1 kancel\u00e1\u0159<\/h1>\n<p>Ji\u017e nemus\u00edte \u010dekat co p\u0159inese budoucnost&#8230;.sta\u0148te se jej\u00ed sou\u010d\u00e1st\u00ed<\/p>\n<\/div>\n<p>[\/vc_column_text][\/vc_column][\/vc_row][vc_row][vc_column][vc_column_text]S chytrou kancel\u00e1\u0159\u00ed m\u016f\u017eete snadno \u0159\u00eddit ve\u0161ker\u00e9 va\u0161e prostory v\u010detn\u011b kancel\u00e1\u0159\u00ed. Sofistikovanou automatizac\u00ed s modern\u00edmi prvky vytvo\u0159\u00edte atraktivn\u00ed pracovn\u00ed prost\u0159ed\u00ed a sv\u00fdm zam\u011bstnanc\u016fm poskytnete v\u011bt\u0161\u00ed komfort pro pr\u00e1ci. Z\u00e1rove\u0148 u\u0161et\u0159\u00edte cennou energii na vyt\u00e1p\u011bn\u00ed a klimatizaci, jeliko\u017e \u0159\u00edd\u00edme v\u0161echny prvky jako je st\u00edn\u00edc\u00ed technika, vyt\u00e1p\u011bn\u00ed, klimatizace, rekuperace z\u00e1rove\u0148 a v\u017edy nejde ide\u00e1ln\u00ed \u0159e\u0161en\u00ed.[\/vc_column_text][\/vc_column][\/vc_row][vc_row][vc_column width=&#8220;1\/2&#8243;][vc_column_text]<\/p>\n<h2>Zasedac\u00ed m\u00edstnosti \u2013 smart zaseda\u010dky<\/h2>\n<p>Ud\u011blejte ze sv\u00e9 zaseda\u010dky v\u00fdstavn\u00ed chr\u00e1m nabit\u00fd modern\u00edmi technologiemi. <strong>Zjednodu\u0161te si prezentov\u00e1n\u00ed, \u0161kolen\u00ed a sch\u016fzky<\/strong> d\u00edky komfortu, kter\u00fd na\u0161e syst\u00e9my p\u0159in\u00e1\u0161\u00ed.<\/p>\n<ul>\n<li>Ovl\u00e1d\u00e1n\u00ed m\u00edstnosti z dotykov\u00e9ho panelu, d\u00e1lkov\u00e9ho ovlada\u010de nebo mobilu<\/li>\n<li>Nastavte si sv\u011btla, \u017ealuzie nebo teplotu dle va\u0161ich pot\u0159eb<\/li>\n<li>Nejmodern\u011bj\u0161\u00ed audio a video syst\u00e9my \u2013 videokonference na nov\u00e9 \u00farovni<\/li>\n<\/ul>\n<p>Vyu\u017eijte mo\u017enosti skryt\u00fdch televiz\u00ed s motorick\u00fdm v\u00fdsuvem nebo neviditeln\u00fdch reproduktor\u016f. Pro klienty instalujeme technologii Dolby Atmos.[\/vc_column_text][\/vc_column][vc_column width=&#8220;1\/2&#8243;][vc_single_image image=&#8220;3318&#8243; img_size=&#8220;medium&#8220; alignment=&#8220;center&#8220;][\/vc_column][\/vc_row][vc_row][vc_column width=&#8220;1\/2&#8243;][vc_single_image image=&#8220;3319&#8243; img_size=&#8220;medium&#8220; alignment=&#8220;center&#8220;][\/vc_column][vc_column width=&#8220;1\/2&#8243;][vc_column_text]<\/p>\n<h2>Chytr\u00e1 kancel\u00e1\u0159<\/h2>\n<p>Chytr\u00e1 kancel\u00e1\u0159 nejenom zefektivn\u00ed va\u0161\u00ed pr\u00e1ci, ale p\u0159edev\u0161\u00edm zlep\u0161\u00ed zdravotn\u00ed podm\u00ednky a pohodl\u00ed va\u0161ich zam\u011bstnanc\u016f.<\/p>\n<p>S na\u0161\u00edm syst\u00e9mem lze ovl\u00e1dat osv\u011btlen\u00ed, kontrolovat hladinu CO2, nastavovat teplotu.<\/p>\n<p>Klimatizace, regulace vyt\u00e1p\u011bn\u00ed, p\u0159\u00edstupov\u00e9 syst\u00e9my a p\u0159ehledy \u00faspor.<br \/>\n[\/vc_column_text][\/vc_column][\/vc_row][vc_row][vc_column width=&#8220;1\/2&#8243;][vc_column_text]<\/p>\n<h2>\u010cek\u00e1rny a vestibuly<\/h2>\n<p>Soukrom\u00e9 ordinace ji\u017e objevily potenci\u00e1l vyu\u017eit\u00ed chytr\u00fdch technologi\u00ed. N\u00e1\u0161 syst\u00e9m p\u0159in\u00e1\u0161\u00ed <strong>zv\u00fd\u0161en\u00ed komfortu pro person\u00e1l a zlep\u0161en\u00ed pohodl\u00ed klient\u016f.<\/strong><\/p>\n<p>Smart syst\u00e9m se postar\u00e1 o ide\u00e1ln\u00ed klima v \u010dek\u00e1rn\u011b \u010di recepci. Dve\u0159n\u00ed interkomy zjednodu\u0161\u00ed komunikaci p\u0159i vstupu klient\u016fm. Multim\u00e9dia usnadn\u00ed \u010dek\u00e1n\u00ed, konzultaci a n\u00e1sledn\u00e9 p\u00e9\u010de.<br \/>\n[\/vc_column_text][\/vc_column][vc_column width=&#8220;1\/2&#8243;][vc_single_image image=&#8220;3317&#8243; img_size=&#8220;medium&#8220; alignment=&#8220;center&#8220;][\/vc_column][\/vc_row]<\/p>\n","protected":false},"excerpt":{"rendered":"<p>[vc_row][vc_column][vc_column_text] Chytr\u00e1 kancel\u00e1\u0159 Ji\u017e nemus\u00edte \u010dekat co p\u0159inese budoucnost&#8230;.sta\u0148te se jej\u00ed sou\u010d\u00e1st\u00ed [\/vc_column_text][\/vc_column][\/vc_row][vc_row][vc_column][vc_column_text]S chytrou kancel\u00e1\u0159\u00ed m\u016f\u017eete snadno \u0159\u00eddit ve\u0161ker\u00e9 va\u0161e prostory v\u010detn\u011b kancel\u00e1\u0159\u00ed. Sofistikovanou automatizac\u00ed s modern\u00edmi prvky vytvo\u0159\u00edte atraktivn\u00ed pracovn\u00ed prost\u0159ed\u00ed a sv\u00fdm zam\u011bstnanc\u016fm poskytnete v\u011bt\u0161\u00ed komfort pro pr\u00e1ci. Z\u00e1rove\u0148 u\u0161et\u0159\u00edte cennou energii na vyt\u00e1p\u011bn\u00ed a klimatizaci, jeliko\u017e \u0159\u00edd\u00edme v\u0161echny prvky jako je st\u00edn\u00edc\u00ed&#8230;<\/p>\n","protected":false},"author":1,"featured_media":0,"parent":1183,"menu_order":0,"comment_status":"closed","ping_status":"closed","template":"","meta":{"_kadence_starter_templates_imported_post":false,"_kad_post_transparent":"default","_kad_post_title":"default","_kad_post_layout":"default","_kad_post_sidebar_id":"","_kad_post_content_style":"default","_kad_post_vertical_padding":"default","_kad_post_feature":"","_kad_post_feature_position":"","_kad_post_header":false,"_kad_post_footer":false,"_kad_post_classname":"","footnotes":""},"class_list":["post-241","page","type-page","status-publish","hentry"],"_links":{"self":[{"href":"https:\/\/wp2.emouse.eu\/index.php?rest_route=\/wp\/v2\/pages\/241","targetHints":{"allow":["GET"]}}],"collection":[{"href":"https:\/\/wp2.emouse.eu\/index.php?rest_route=\/wp\/v2\/pages"}],"about":[{"href":"https:\/\/wp2.emouse.eu\/index.php?rest_route=\/wp\/v2\/types\/page"}],"author":[{"embeddable":true,"href":"https:\/\/wp2.emouse.eu\/index.php?rest_route=\/wp\/v2\/users\/1"}],"replies":[{"embeddable":true,"href":"https:\/\/wp2.emouse.eu\/index.php?rest_route=%2Fwp%2Fv2%2Fcomments&post=241"}],"version-history":[{"count":0,"href":"https:\/\/wp2.emouse.eu\/index.php?rest_route=\/wp\/v2\/pages\/241\/revisions"}],"up":[{"embeddable":true,"href":"https:\/\/wp2.emouse.eu\/index.php?rest_route=\/wp\/v2\/pages\/1183"}],"wp:attachment":[{"href":"https:\/\/wp2.emouse.eu\/index.php?rest_route=%2Fwp%2Fv2%2Fmedia&parent=241"}],"curies":[{"name":"wp","href":"https:\/\/api.w.org\/{rel}","templated":true}]}}

Chytrá kancelář

<p>[vc_row][vc_column][vc_column_text]</p>
<div class="mb-3 heading">
<h1>Chytrá kancelář</h1>
<p>Již nemusíte čekat co přinese budoucnost&#8230;.staňte se její součástí</p>
</div>
<p>[/vc_column_text][/vc_column][/vc_row][vc_row][vc_column][vc_column_text]S chytrou kanceláří můžete snadno řídit veškeré vaše prostory včetně kanceláří. Sofistikovanou automatizací s moderními prvky vytvoříte atraktivní pracovní prostředí a svým zaměstnancům poskytnete větší komfort pro práci. Zároveň ušetříte cennou energii na vytápění a klimatizaci, jelikož řídíme všechny prvky jako je stínící technika, vytápění, klimatizace, rekuperace zároveň a vždy nejde ideální řešení.[/vc_column_text][/vc_column][/vc_row][vc_row][vc_column width=&#8220;1/2&#8243;][vc_column_text]</p>
<h2>Zasedací místnosti – smart zasedačky</h2>
<p>Udělejte ze své zasedačky výstavní chrám nabitý moderními technologiemi. <strong>Zjednodušte si prezentování, školení a schůzky</strong> díky komfortu, který naše systémy přináší.</p>
<ul>
<li>Ovládání místnosti z dotykového panelu, dálkového ovladače nebo mobilu</li>
<li>Nastavte si světla, žaluzie nebo teplotu dle vašich potřeb</li>
<li>Nejmodernější audio a video systémy – videokonference na nové úrovni</li>
</ul>
<p>Využijte možnosti skrytých televizí s motorickým výsuvem nebo neviditelných reproduktorů. Pro klienty instalujeme technologii Dolby Atmos.[/vc_column_text][/vc_column][vc_column width=&#8220;1/2&#8243;][vc_single_image image=&#8220;3318&#8243; img_size=&#8220;medium&#8220; alignment=&#8220;center&#8220;][/vc_column][/vc_row][vc_row][vc_column width=&#8220;1/2&#8243;][vc_single_image image=&#8220;3319&#8243; img_size=&#8220;medium&#8220; alignment=&#8220;center&#8220;][/vc_column][vc_column width=&#8220;1/2&#8243;][vc_column_text]</p>
<h2>Chytrá kancelář</h2>
<p>Chytrá kancelář nejenom zefektivní vaší práci, ale především zlepší zdravotní podmínky a pohodlí vašich zaměstnanců.</p>
<p>S naším systémem lze ovládat osvětlení, kontrolovat hladinu CO2, nastavovat teplotu.</p>
<p>Klimatizace, regulace vytápění, přístupové systémy a přehledy úspor.<br />
[/vc_column_text][/vc_column][/vc_row][vc_row][vc_column width=&#8220;1/2&#8243;][vc_column_text]</p>
<h2>Čekárny a vestibuly</h2>
<p>Soukromé ordinace již objevily potenciál využití chytrých technologií. Náš systém přináší <strong>zvýšení komfortu pro personál a zlepšení pohodlí klientů.</strong></p>
<p>Smart systém se postará o ideální klima v čekárně či recepci. Dveřní interkomy zjednoduší komunikaci při vstupu klientům. Multimédia usnadní čekání, konzultaci a následné péče.<br />
[/vc_column_text][/vc_column][vc_column width=&#8220;1/2&#8243;][vc_single_image image=&#8220;3317&#8243; img_size=&#8220;medium&#8220; alignment=&#8220;center&#8220;][/vc_column][/vc_row]</p>

<p>[vc_row][vc_column][vc_column_text] Chytrá kancelář Již nemusíte čekat co přinese budoucnost&#8230;.staňte se její součástí [/vc_column_text][/vc_column][/vc_row][vc_row][vc_column][vc_column_text]S chytrou kanceláří můžete snadno řídit veškeré vaše prostory včetně kanceláří. Sofistikovanou automatizací s moderními prvky vytvoříte atraktivní pracovní prostředí a svým zaměstnancům poskytnete větší komfort pro práci. Zároveň ušetříte cennou energii na vytápění a klimatizaci, jelikož řídíme všechny prvky jako je stínící&#8230;</p>
